{"id":18686,"date":"2024-03-13T10:54:48","date_gmt":"2024-03-13T10:54:48","guid":{"rendered":"https:\/\/www.bisbatdemallorca.org\/?post_type=tribe_events&#038;p=18686"},"modified":"2024-03-13T10:54:48","modified_gmt":"2024-03-13T10:54:48","slug":"missa-del-sant-sopar-del-senyor-2","status":"publish","type":"tribe_events","link":"https:\/\/www.bisbatdemallorca.org\/en\/event\/missa-del-sant-sopar-del-senyor-2\/","title":{"rendered":"Missa del Sant Sopar del Senyor"},"content":{"rendered":"<p>Missa del Sant Sopar del Senyor. La missa del Sant Sopar del Senyor \u00e9s el p\u00f2rtic del Tridu Pasqual. Durant la celebraci\u00f3 d&#8217;enguany es tornar\u00e0 a repetir el gest realitzat per Jes\u00fas amb els seus deixebles, fa m\u00e9s de dos mil anys, amb el ritu del lavatori de peus. Presidir\u00e0 Mons. Sebasti\u00e0 Taltavull. Acabada la celebraci\u00f3, es realitzar\u00e0 la process\u00f3 cap a la Casa Santa. Aquesta celebraci\u00f3 ser\u00e0 retransmesa en directe pel canal YouTube de la Catedral. Catedral de Mallorca, 18h.<\/p>\n","protected":false},"excerpt":{"rendered":"<p>Missa del Sant Sopar del Senyor. La missa del Sant  [&#8230;]<\/p>\n","protected":false},"author":2,"featured_media":0,"template":"","meta":{"_tribe_events_status":"","_tribe_events_status_reason":"","footnotes":""},"tags":[],"tribe_events_cat":[36],"class_list":["post-18686","tribe_events","type-tribe_events","status-publish","hentry","tribe_events_cat-agenda","cat_agenda"],"yoast_head":"<!-- This site is optimized with the Yoast SEO plugin v27.0 - https:\/\/yoast.com\/product\/yoast-seo-wordpress\/ -->\n<title>Missa del Sant Sopar del Senyor - [:es]Bisbat de Mallorca[:]<\/title>\n<meta name=\"robots\" content=\"index, follow, max-snippet:-1, max-image-preview:large, max-video-preview:-1\" \/>\n<link rel=\"canonical\" href=\"https:\/\/www.bisbatdemallorca.org\/event\/missa-del-sant-sopar-del-senyor-2\/\" \/>\n<meta property=\"og:locale\" content=\"en_US\" \/>\n<meta property=\"og:locale:alternate\" content=\"ca\" \/>\n<meta property=\"og:locale:alternate\" content=\"es_ES\" \/>\n<meta property=\"og:type\" content=\"article\" \/>\n<meta property=\"og:title\" content=\"Missa del Sant Sopar del Senyor - [:es]Bisbat de Mallorca[:]\" \/>\n<meta property=\"og:description\" content=\"Missa del Sant Sopar del Senyor. La missa del Sant [...]\" \/>\n<meta property=\"og:url\" content=\"https:\/\/www.bisbatdemallorca.org\/en\/event\/missa-del-sant-sopar-del-senyor-2\/\" \/>\n<meta property=\"og:site_name\" content=\"[:es]Bisbat de Mallorca[:]\" \/>\n<meta name=\"twitter:card\" content=\"summary_large_image\" \/>\n<script type=\"application\/ld+json\" class=\"yoast-schema-graph\">{\"@context\":\"https:\/\/schema.org\",\"@graph\":[{\"@type\":\"WebPage\",\"@id\":\"https:\/\/www.bisbatdemallorca.org\/event\/missa-del-sant-sopar-del-senyor-2\/\",\"url\":\"https:\/\/www.bisbatdemallorca.org\/event\/missa-del-sant-sopar-del-senyor-2\/\",\"name\":\"Missa del Sant Sopar del Senyor - [:es]Bisbat de Mallorca[:]\",\"isPartOf\":{\"@id\":\"https:\/\/www.bisbatdemallorca.org\/ca\/#website\"},\"datePublished\":\"2024-03-13T10:54:48+00:00\",\"breadcrumb\":{\"@id\":\"https:\/\/www.bisbatdemallorca.org\/event\/missa-del-sant-sopar-del-senyor-2\/#breadcrumb\"},\"inLanguage\":\"en-US\",\"potentialAction\":[{\"@type\":\"ReadAction\",\"target\":[\"https:\/\/www.bisbatdemallorca.org\/event\/missa-del-sant-sopar-del-senyor-2\/\"]}]},{\"@type\":\"BreadcrumbList\",\"@id\":\"https:\/\/www.bisbatdemallorca.org\/event\/missa-del-sant-sopar-del-senyor-2\/#breadcrumb\",\"itemListElement\":[{\"@type\":\"ListItem\",\"position\":1,\"name\":\"[:es]Portada[:]\",\"item\":\"https:\/\/www.bisbatdemallorca.org\/ca\/\"},{\"@type\":\"ListItem\",\"position\":2,\"name\":\"Eventos\",\"item\":\"https:\/\/www.bisbatdemallorca.org\/events\/\"},{\"@type\":\"ListItem\",\"position\":3,\"name\":\"Missa del Sant Sopar del Senyor\"}]},{\"@type\":\"WebSite\",\"@id\":\"https:\/\/www.bisbatdemallorca.org\/ca\/#website\",\"url\":\"https:\/\/www.bisbatdemallorca.org\/ca\/\",\"name\":\"[:es]Bisbat de Mallorca[:]\",\"description\":\"[:es]Just another WordPress site[:]\",\"publisher\":{\"@id\":\"https:\/\/www.bisbatdemallorca.org\/ca\/#organization\"},\"potentialAction\":[{\"@type\":\"SearchAction\",\"target\":{\"@type\":\"EntryPoint\",\"urlTemplate\":\"https:\/\/www.bisbatdemallorca.org\/ca\/?s={search_term_string}\"},\"query-input\":{\"@type\":\"PropertyValueSpecification\",\"valueRequired\":true,\"valueName\":\"search_term_string\"}}],\"inLanguage\":\"en-US\"},{\"@type\":\"Organization\",\"@id\":\"https:\/\/www.bisbatdemallorca.org\/ca\/#organization\",\"name\":\"Bisbat De Mallorca\",\"url\":\"https:\/\/www.bisbatdemallorca.org\/ca\/\",\"logo\":{\"@type\":\"ImageObject\",\"inLanguage\":\"en-US\",\"@id\":\"https:\/\/www.bisbatdemallorca.org\/ca\/#\/schema\/logo\/image\/\",\"url\":\"https:\/\/bisbatdemallorca.org\/wp-content\/uploads\/2022\/04\/Logo_Bisbat-de-Mallorca-scaled.jpeg\",\"contentUrl\":\"https:\/\/bisbatdemallorca.org\/wp-content\/uploads\/2022\/04\/Logo_Bisbat-de-Mallorca-scaled.jpeg\",\"width\":2560,\"height\":1810,\"caption\":\"Bisbat De Mallorca\"},\"image\":{\"@id\":\"https:\/\/www.bisbatdemallorca.org\/ca\/#\/schema\/logo\/image\/\"}}]}<\/script>\n<!-- \/ Yoast SEO plugin. -->","yoast_head_json":{"title":"Missa del Sant Sopar del Senyor - [:es]Bisbat de Mallorca[:]","robots":{"index":"index","follow":"follow","max-snippet":"max-snippet:-1","max-image-preview":"max-image-preview:large","max-video-preview":"max-video-preview:-1"},"canonical":"https:\/\/www.bisbatdemallorca.org\/event\/missa-del-sant-sopar-del-senyor-2\/","og_locale":"en_US","og_type":"article","og_title":"Missa del Sant Sopar del Senyor - [:es]Bisbat de Mallorca[:]","og_description":"Missa del Sant Sopar del Senyor. La missa del Sant [...]","og_url":"https:\/\/www.bisbatdemallorca.org\/en\/event\/missa-del-sant-sopar-del-senyor-2\/","og_site_name":"[:es]Bisbat de Mallorca[:]","twitter_card":"summary_large_image","schema":{"@context":"https:\/\/schema.org","@graph":[{"@type":"WebPage","@id":"https:\/\/www.bisbatdemallorca.org\/event\/missa-del-sant-sopar-del-senyor-2\/","url":"https:\/\/www.bisbatdemallorca.org\/event\/missa-del-sant-sopar-del-senyor-2\/","name":"Missa del Sant Sopar del Senyor - [:es]Bisbat de Mallorca[:]","isPartOf":{"@id":"https:\/\/www.bisbatdemallorca.org\/ca\/#website"},"datePublished":"2024-03-13T10:54:48+00:00","breadcrumb":{"@id":"https:\/\/www.bisbatdemallorca.org\/event\/missa-del-sant-sopar-del-senyor-2\/#breadcrumb"},"inLanguage":"en-US","potentialAction":[{"@type":"ReadAction","target":["https:\/\/www.bisbatdemallorca.org\/event\/missa-del-sant-sopar-del-senyor-2\/"]}]},{"@type":"BreadcrumbList","@id":"https:\/\/www.bisbatdemallorca.org\/event\/missa-del-sant-sopar-del-senyor-2\/#breadcrumb","itemListElement":[{"@type":"ListItem","position":1,"name":"[:es]Portada[:]","item":"https:\/\/www.bisbatdemallorca.org\/ca\/"},{"@type":"ListItem","position":2,"name":"Eventos","item":"https:\/\/www.bisbatdemallorca.org\/events\/"},{"@type":"ListItem","position":3,"name":"Missa del Sant Sopar del Senyor"}]},{"@type":"WebSite","@id":"https:\/\/www.bisbatdemallorca.org\/ca\/#website","url":"https:\/\/www.bisbatdemallorca.org\/ca\/","name":"[:es]Bisbat de Mallorca[:]","description":"[:es]Just another WordPress site[:]","publisher":{"@id":"https:\/\/www.bisbatdemallorca.org\/ca\/#organization"},"potentialAction":[{"@type":"SearchAction","target":{"@type":"EntryPoint","urlTemplate":"https:\/\/www.bisbatdemallorca.org\/ca\/?s={search_term_string}"},"query-input":{"@type":"PropertyValueSpecification","valueRequired":true,"valueName":"search_term_string"}}],"inLanguage":"en-US"},{"@type":"Organization","@id":"https:\/\/www.bisbatdemallorca.org\/ca\/#organization","name":"Bisbat De Mallorca","url":"https:\/\/www.bisbatdemallorca.org\/ca\/","logo":{"@type":"ImageObject","inLanguage":"en-US","@id":"https:\/\/www.bisbatdemallorca.org\/ca\/#\/schema\/logo\/image\/","url":"https:\/\/bisbatdemallorca.org\/wp-content\/uploads\/2022\/04\/Logo_Bisbat-de-Mallorca-scaled.jpeg","contentUrl":"https:\/\/bisbatdemallorca.org\/wp-content\/uploads\/2022\/04\/Logo_Bisbat-de-Mallorca-scaled.jpeg","width":2560,"height":1810,"caption":"Bisbat De Mallorca"},"image":{"@id":"https:\/\/www.bisbatdemallorca.org\/ca\/#\/schema\/logo\/image\/"}}]}},"_links":{"self":[{"href":"https:\/\/www.bisbatdemallorca.org\/en\/wp-json\/wp\/v2\/tribe_events\/18686","targetHints":{"allow":["GET"]}}],"collection":[{"href":"https:\/\/www.bisbatdemallorca.org\/en\/wp-json\/wp\/v2\/tribe_events"}],"about":[{"href":"https:\/\/www.bisbatdemallorca.org\/en\/wp-json\/wp\/v2\/types\/tribe_events"}],"author":[{"embeddable":true,"href":"https:\/\/www.bisbatdemallorca.org\/en\/wp-json\/wp\/v2\/users\/2"}],"version-history":[{"count":0,"href":"https:\/\/www.bisbatdemallorca.org\/en\/wp-json\/wp\/v2\/tribe_events\/18686\/revisions"}],"wp:attachment":[{"href":"https:\/\/www.bisbatdemallorca.org\/en\/wp-json\/wp\/v2\/media?parent=18686"}],"wp:term":[{"taxonomy":"post_tag","embeddable":true,"href":"https:\/\/www.bisbatdemallorca.org\/en\/wp-json\/wp\/v2\/tags?post=18686"},{"taxonomy":"tribe_events_cat","embeddable":true,"href":"https:\/\/www.bisbatdemallorca.org\/en\/wp-json\/wp\/v2\/tribe_events_cat?post=18686"}],"curies":[{"name":"wp","href":"https:\/\/api.w.org\/{rel}","templated":true}]}}

<p>Missa del Sant Sopar del Senyor. La missa del Sant Sopar del Senyor és el pòrtic del Tridu Pasqual. Durant la celebració d&#8217;enguany es tornarà a repetir el gest realitzat per Jesús amb els seus deixebles, fa més de dos mil anys, amb el ritu del lavatori de peus. Presidirà Mons. Sebastià Taltavull. Acabada la celebració, es realitzarà la processó cap a la Casa Santa. Aquesta celebració serà retransmesa en directe pel canal YouTube de la Catedral. Catedral de Mallorca, 18h.</p>
