{"id":31479,"date":"2026-03-04T09:22:37","date_gmt":"2026-03-04T08:22:37","guid":{"rendered":"https:\/\/www.bisbatdemallorca.org\/?post_type=tribe_events&#038;p=31479"},"modified":"2026-03-04T09:22:37","modified_gmt":"2026-03-04T08:22:37","slug":"trobada-de-lapostolat-mundial-de-fatima-a-mallorca","status":"publish","type":"tribe_events","link":"https:\/\/www.bisbatdemallorca.org\/en\/event\/trobada-de-lapostolat-mundial-de-fatima-a-mallorca\/","title":{"rendered":"Trobada de l&#8217;Apostolat Mundial de F\u00e0tima a Mallorca"},"content":{"rendered":"<div class=\"elementToProof\"><b>Trobada de l&#8217;Apostolat Mundial de F\u00e0tima a Mallorca<\/b><\/div>\n<div class=\"elementToProof\">Dissabte 14 de mar\u00e7, 10:00h<\/div>\n<div class=\"elementToProof\"><\/div>\n<div class=\"elementToProof\">La delegaci\u00f3 mallorquina de l&#8217;AMF organitza i convida, pel proper dissabte 14 de mar\u00e7, a una trobada de germanor de tots els consagrats, aspirants i simpatitzants de la delegaci\u00f3. Dita reuni\u00f3 s&#8217;iniciar\u00e0 vers les 10:00h, a les instal\u00b7lacions de l&#8217;Associaci\u00f3 sociocultural de pensionistes i jubilats de La Vileta-Son Serra (C\/ Oblates, 2) i finalitzar\u00e0 vers les 13:30h, amb un dinar conjunt amb les aportacions de tots. Cal confirmar assist\u00e8ncia 629570179, 687350723 o 678435075.<\/div>\n","protected":false},"excerpt":{"rendered":"<p>Trobada de l&#8217;Apostolat Mundial de F\u00e0tima a Mallorca Dissabte 14  [&#8230;]<\/p>\n","protected":false},"author":2,"featured_media":0,"template":"","meta":{"_tribe_events_status":"","_tribe_events_status_reason":"","footnotes":""},"tags":[],"tribe_events_cat":[36],"class_list":["post-31479","tribe_events","type-tribe_events","status-publish","hentry","tribe_events_cat-agenda","cat_agenda"],"yoast_head":"<!-- This site is optimized with the Yoast SEO plugin v27.0 - https:\/\/yoast.com\/product\/yoast-seo-wordpress\/ -->\n<title>Trobada de l&#039;Apostolat Mundial de F\u00e0tima a Mallorca - [:es]Bisbat de Mallorca[:]<\/title>\n<meta name=\"robots\" content=\"index, follow, max-snippet:-1, max-image-preview:large, max-video-preview:-1\" \/>\n<link rel=\"canonical\" href=\"https:\/\/www.bisbatdemallorca.org\/event\/trobada-de-lapostolat-mundial-de-fatima-a-mallorca\/\" \/>\n<meta property=\"og:locale\" content=\"en_US\" \/>\n<meta property=\"og:locale:alternate\" content=\"ca\" \/>\n<meta property=\"og:locale:alternate\" content=\"es_ES\" \/>\n<meta property=\"og:type\" content=\"article\" \/>\n<meta property=\"og:title\" content=\"Trobada de l&#039;Apostolat Mundial de F\u00e0tima a Mallorca - [:es]Bisbat de Mallorca[:]\" \/>\n<meta property=\"og:description\" content=\"Trobada de l&#8217;Apostolat Mundial de F\u00e0tima a Mallorca Dissabte 14 [...]\" \/>\n<meta property=\"og:url\" content=\"https:\/\/www.bisbatdemallorca.org\/en\/event\/trobada-de-lapostolat-mundial-de-fatima-a-mallorca\/\" \/>\n<meta property=\"og:site_name\" content=\"[:es]Bisbat de Mallorca[:]\" \/>\n<meta name=\"twitter:card\" content=\"summary_large_image\" \/>\n<script type=\"application\/ld+json\" class=\"yoast-schema-graph\">{\"@context\":\"https:\/\/schema.org\",\"@graph\":[{\"@type\":\"WebPage\",\"@id\":\"https:\/\/www.bisbatdemallorca.org\/event\/trobada-de-lapostolat-mundial-de-fatima-a-mallorca\/\",\"url\":\"https:\/\/www.bisbatdemallorca.org\/event\/trobada-de-lapostolat-mundial-de-fatima-a-mallorca\/\",\"name\":\"Trobada de l'Apostolat Mundial de F\u00e0tima a Mallorca - [:es]Bisbat de Mallorca[:]\",\"isPartOf\":{\"@id\":\"https:\/\/www.bisbatdemallorca.org\/ca\/#website\"},\"datePublished\":\"2026-03-04T08:22:37+00:00\",\"breadcrumb\":{\"@id\":\"https:\/\/www.bisbatdemallorca.org\/event\/trobada-de-lapostolat-mundial-de-fatima-a-mallorca\/#breadcrumb\"},\"inLanguage\":\"en-US\",\"potentialAction\":[{\"@type\":\"ReadAction\",\"target\":[\"https:\/\/www.bisbatdemallorca.org\/event\/trobada-de-lapostolat-mundial-de-fatima-a-mallorca\/\"]}]},{\"@type\":\"BreadcrumbList\",\"@id\":\"https:\/\/www.bisbatdemallorca.org\/event\/trobada-de-lapostolat-mundial-de-fatima-a-mallorca\/#breadcrumb\",\"itemListElement\":[{\"@type\":\"ListItem\",\"position\":1,\"name\":\"[:es]Portada[:]\",\"item\":\"https:\/\/www.bisbatdemallorca.org\/ca\/\"},{\"@type\":\"ListItem\",\"position\":2,\"name\":\"Eventos\",\"item\":\"https:\/\/www.bisbatdemallorca.org\/events\/\"},{\"@type\":\"ListItem\",\"position\":3,\"name\":\"Trobada de l&#8217;Apostolat Mundial de F\u00e0tima a Mallorca\"}]},{\"@type\":\"WebSite\",\"@id\":\"https:\/\/www.bisbatdemallorca.org\/ca\/#website\",\"url\":\"https:\/\/www.bisbatdemallorca.org\/ca\/\",\"name\":\"[:es]Bisbat de Mallorca[:]\",\"description\":\"[:es]Just another WordPress site[:]\",\"publisher\":{\"@id\":\"https:\/\/www.bisbatdemallorca.org\/ca\/#organization\"},\"potentialAction\":[{\"@type\":\"SearchAction\",\"target\":{\"@type\":\"EntryPoint\",\"urlTemplate\":\"https:\/\/www.bisbatdemallorca.org\/ca\/?s={search_term_string}\"},\"query-input\":{\"@type\":\"PropertyValueSpecification\",\"valueRequired\":true,\"valueName\":\"search_term_string\"}}],\"inLanguage\":\"en-US\"},{\"@type\":\"Organization\",\"@id\":\"https:\/\/www.bisbatdemallorca.org\/ca\/#organization\",\"name\":\"Bisbat De Mallorca\",\"url\":\"https:\/\/www.bisbatdemallorca.org\/ca\/\",\"logo\":{\"@type\":\"ImageObject\",\"inLanguage\":\"en-US\",\"@id\":\"https:\/\/www.bisbatdemallorca.org\/ca\/#\/schema\/logo\/image\/\",\"url\":\"https:\/\/bisbatdemallorca.org\/wp-content\/uploads\/2022\/04\/Logo_Bisbat-de-Mallorca-scaled.jpeg\",\"contentUrl\":\"https:\/\/bisbatdemallorca.org\/wp-content\/uploads\/2022\/04\/Logo_Bisbat-de-Mallorca-scaled.jpeg\",\"width\":2560,\"height\":1810,\"caption\":\"Bisbat De Mallorca\"},\"image\":{\"@id\":\"https:\/\/www.bisbatdemallorca.org\/ca\/#\/schema\/logo\/image\/\"}}]}<\/script>\n<!-- \/ Yoast SEO plugin. -->","yoast_head_json":{"title":"Trobada de l'Apostolat Mundial de F\u00e0tima a Mallorca - [:es]Bisbat de Mallorca[:]","robots":{"index":"index","follow":"follow","max-snippet":"max-snippet:-1","max-image-preview":"max-image-preview:large","max-video-preview":"max-video-preview:-1"},"canonical":"https:\/\/www.bisbatdemallorca.org\/event\/trobada-de-lapostolat-mundial-de-fatima-a-mallorca\/","og_locale":"en_US","og_type":"article","og_title":"Trobada de l'Apostolat Mundial de F\u00e0tima a Mallorca - [:es]Bisbat de Mallorca[:]","og_description":"Trobada de l&#8217;Apostolat Mundial de F\u00e0tima a Mallorca Dissabte 14 [...]","og_url":"https:\/\/www.bisbatdemallorca.org\/en\/event\/trobada-de-lapostolat-mundial-de-fatima-a-mallorca\/","og_site_name":"[:es]Bisbat de Mallorca[:]","twitter_card":"summary_large_image","schema":{"@context":"https:\/\/schema.org","@graph":[{"@type":"WebPage","@id":"https:\/\/www.bisbatdemallorca.org\/event\/trobada-de-lapostolat-mundial-de-fatima-a-mallorca\/","url":"https:\/\/www.bisbatdemallorca.org\/event\/trobada-de-lapostolat-mundial-de-fatima-a-mallorca\/","name":"Trobada de l'Apostolat Mundial de F\u00e0tima a Mallorca - [:es]Bisbat de Mallorca[:]","isPartOf":{"@id":"https:\/\/www.bisbatdemallorca.org\/ca\/#website"},"datePublished":"2026-03-04T08:22:37+00:00","breadcrumb":{"@id":"https:\/\/www.bisbatdemallorca.org\/event\/trobada-de-lapostolat-mundial-de-fatima-a-mallorca\/#breadcrumb"},"inLanguage":"en-US","potentialAction":[{"@type":"ReadAction","target":["https:\/\/www.bisbatdemallorca.org\/event\/trobada-de-lapostolat-mundial-de-fatima-a-mallorca\/"]}]},{"@type":"BreadcrumbList","@id":"https:\/\/www.bisbatdemallorca.org\/event\/trobada-de-lapostolat-mundial-de-fatima-a-mallorca\/#breadcrumb","itemListElement":[{"@type":"ListItem","position":1,"name":"[:es]Portada[:]","item":"https:\/\/www.bisbatdemallorca.org\/ca\/"},{"@type":"ListItem","position":2,"name":"Eventos","item":"https:\/\/www.bisbatdemallorca.org\/events\/"},{"@type":"ListItem","position":3,"name":"Trobada de l&#8217;Apostolat Mundial de F\u00e0tima a Mallorca"}]},{"@type":"WebSite","@id":"https:\/\/www.bisbatdemallorca.org\/ca\/#website","url":"https:\/\/www.bisbatdemallorca.org\/ca\/","name":"[:es]Bisbat de Mallorca[:]","description":"[:es]Just another WordPress site[:]","publisher":{"@id":"https:\/\/www.bisbatdemallorca.org\/ca\/#organization"},"potentialAction":[{"@type":"SearchAction","target":{"@type":"EntryPoint","urlTemplate":"https:\/\/www.bisbatdemallorca.org\/ca\/?s={search_term_string}"},"query-input":{"@type":"PropertyValueSpecification","valueRequired":true,"valueName":"search_term_string"}}],"inLanguage":"en-US"},{"@type":"Organization","@id":"https:\/\/www.bisbatdemallorca.org\/ca\/#organization","name":"Bisbat De Mallorca","url":"https:\/\/www.bisbatdemallorca.org\/ca\/","logo":{"@type":"ImageObject","inLanguage":"en-US","@id":"https:\/\/www.bisbatdemallorca.org\/ca\/#\/schema\/logo\/image\/","url":"https:\/\/bisbatdemallorca.org\/wp-content\/uploads\/2022\/04\/Logo_Bisbat-de-Mallorca-scaled.jpeg","contentUrl":"https:\/\/bisbatdemallorca.org\/wp-content\/uploads\/2022\/04\/Logo_Bisbat-de-Mallorca-scaled.jpeg","width":2560,"height":1810,"caption":"Bisbat De Mallorca"},"image":{"@id":"https:\/\/www.bisbatdemallorca.org\/ca\/#\/schema\/logo\/image\/"}}]}},"_links":{"self":[{"href":"https:\/\/www.bisbatdemallorca.org\/en\/wp-json\/wp\/v2\/tribe_events\/31479","targetHints":{"allow":["GET"]}}],"collection":[{"href":"https:\/\/www.bisbatdemallorca.org\/en\/wp-json\/wp\/v2\/tribe_events"}],"about":[{"href":"https:\/\/www.bisbatdemallorca.org\/en\/wp-json\/wp\/v2\/types\/tribe_events"}],"author":[{"embeddable":true,"href":"https:\/\/www.bisbatdemallorca.org\/en\/wp-json\/wp\/v2\/users\/2"}],"version-history":[{"count":0,"href":"https:\/\/www.bisbatdemallorca.org\/en\/wp-json\/wp\/v2\/tribe_events\/31479\/revisions"}],"wp:attachment":[{"href":"https:\/\/www.bisbatdemallorca.org\/en\/wp-json\/wp\/v2\/media?parent=31479"}],"wp:term":[{"taxonomy":"post_tag","embeddable":true,"href":"https:\/\/www.bisbatdemallorca.org\/en\/wp-json\/wp\/v2\/tags?post=31479"},{"taxonomy":"tribe_events_cat","embeddable":true,"href":"https:\/\/www.bisbatdemallorca.org\/en\/wp-json\/wp\/v2\/tribe_events_cat?post=31479"}],"curies":[{"name":"wp","href":"https:\/\/api.w.org\/{rel}","templated":true}]}}

Trobada de l&#8217;Apostolat Mundial de Fàtima a Mallorca

<div class="elementToProof"><b>Trobada de l&#8217;Apostolat Mundial de Fàtima a Mallorca</b></div>
<div class="elementToProof">Dissabte 14 de març, 10:00h</div>
<div class="elementToProof"></div>
<div class="elementToProof">La delegació mallorquina de l&#8217;AMF organitza i convida, pel proper dissabte 14 de març, a una trobada de germanor de tots els consagrats, aspirants i simpatitzants de la delegació. Dita reunió s&#8217;iniciarà vers les 10:00h, a les instal·lacions de l&#8217;Associació sociocultural de pensionistes i jubilats de La Vileta-Son Serra (C/ Oblates, 2) i finalitzarà vers les 13:30h, amb un dinar conjunt amb les aportacions de tots. Cal confirmar assistència 629570179, 687350723 o 678435075.</div>

<p>Trobada de l&#8217;Apostolat Mundial de Fàtima a Mallorca Dissabte 14  [&#8230;]</p>

<!-- This site is optimized with the Yoast SEO plugin v27.0 - https://yoast.com/product/yoast-seo-wordpress/ -->
<title>Trobada de l&#039;Apostolat Mundial de Fàtima a Mallorca - [:es]Bisbat de Mallorca[:]</title>
<meta name="robots" content="index, follow, max-snippet:-1, max-image-preview:large, max-video-preview:-1" />
<link rel="canonical" href="https://www.bisbatdemallorca.org/event/trobada-de-lapostolat-mundial-de-fatima-a-mallorca/" />
<meta property="og:locale" content="en_US" />
<meta property="og:locale:alternate" content="ca" />
<meta property="og:locale:alternate" content="es_ES" />
<meta property="og:type" content="article" />
<meta property="og:title" content="Trobada de l&#039;Apostolat Mundial de Fàtima a Mallorca - [:es]Bisbat de Mallorca[:]" />
<meta property="og:description" content="Trobada de l&#8217;Apostolat Mundial de Fàtima a Mallorca Dissabte 14 [...]" />
<meta property="og:url" content="https://www.bisbatdemallorca.org/en/event/trobada-de-lapostolat-mundial-de-fatima-a-mallorca/" />
<meta property="og:site_name" content="[:es]Bisbat de Mallorca[:]" />
<meta name="twitter:card" content="summary_large_image" />
<script type="application/ld+json" class="yoast-schema-graph">{"@context":"https://schema.org","@graph":[{"@type":"WebPage","@id":"https://www.bisbatdemallorca.org/event/trobada-de-lapostolat-mundial-de-fatima-a-mallorca/","url":"https://www.bisbatdemallorca.org/event/trobada-de-lapostolat-mundial-de-fatima-a-mallorca/","name":"Trobada de l'Apostolat Mundial de Fàtima a Mallorca - [:es]Bisbat de Mallorca[:]","isPartOf":{"@id":"https://www.bisbatdemallorca.org/ca/#website"},"datePublished":"2026-03-04T08:22:37+00:00","breadcrumb":{"@id":"https://www.bisbatdemallorca.org/event/trobada-de-lapostolat-mundial-de-fatima-a-mallorca/#breadcrumb"},"inLanguage":"en-US","potentialAction":[{"@type":"ReadAction","target":["https://www.bisbatdemallorca.org/event/trobada-de-lapostolat-mundial-de-fatima-a-mallorca/"]}]},{"@type":"BreadcrumbList","@id":"https://www.bisbatdemallorca.org/event/trobada-de-lapostolat-mundial-de-fatima-a-mallorca/#breadcrumb","itemListElement":[{"@type":"ListItem","position":1,"name":"[:es]Portada[:]","item":"https://www.bisbatdemallorca.org/ca/"},{"@type":"ListItem","position":2,"name":"Eventos","item":"https://www.bisbatdemallorca.org/events/"},{"@type":"ListItem","position":3,"name":"Trobada de l&#8217;Apostolat Mundial de Fàtima a Mallorca"}]},{"@type":"WebSite","@id":"https://www.bisbatdemallorca.org/ca/#website","url":"https://www.bisbatdemallorca.org/ca/","name":"[:es]Bisbat de Mallorca[:]","description":"[:es]Just another WordPress site[:]","publisher":{"@id":"https://www.bisbatdemallorca.org/ca/#organization"},"potentialAction":[{"@type":"SearchAction","target":{"@type":"EntryPoint","urlTemplate":"https://www.bisbatdemallorca.org/ca/?s={search_term_string}"},"query-input":{"@type":"PropertyValueSpecification","valueRequired":true,"valueName":"search_term_string"}}],"inLanguage":"en-US"},{"@type":"Organization","@id":"https://www.bisbatdemallorca.org/ca/#organization","name":"Bisbat De Mallorca","url":"https://www.bisbatdemallorca.org/ca/","logo":{"@type":"ImageObject","inLanguage":"en-US","@id":"https://www.bisbatdemallorca.org/ca/#/schema/logo/image/","url":"https://bisbatdemallorca.org/wp-content/uploads/2022/04/Logo_Bisbat-de-Mallorca-scaled.jpeg","contentUrl":"https://bisbatdemallorca.org/wp-content/uploads/2022/04/Logo_Bisbat-de-Mallorca-scaled.jpeg","width":2560,"height":1810,"caption":"Bisbat De Mallorca"},"image":{"@id":"https://www.bisbatdemallorca.org/ca/#/schema/logo/image/"}}]}</script>
<!-- / Yoast SEO plugin. -->

Trobada de l'Apostolat Mundial de Fàtima a Mallorca - [:es]Bisbat de Mallorca[:]

Trobada de l&#8217;Apostolat Mundial de Fàtima a Mallorca Dissabte 14 [...]
